{"id":1754,"date":"2026-05-03T21:07:53","date_gmt":"2026-05-03T18:07:53","guid":{"rendered":"https:\/\/www.transfeminiinit.fi\/?page_id=1754"},"modified":"2026-05-03T21:15:31","modified_gmt":"2026-05-03T18:15:31","slug":"hankkeet","status":"publish","type":"page","link":"https:\/\/www.transfeminiinit.fi\/index.php\/hankkeet\/","title":{"rendered":"Hankkeet"},"content":{"rendered":"\n<div class=\"wp-block-group alignwide lines-bg-1 has-base-background-color has-background\"><div class=\"wp-block-group__inner-container is-layout-constrained wp-block-group-is-layout-constrained\">\n<div class=\"wp-block-group alignwide has-base-3-background-color has-background\"><div class=\"wp-block-group__inner-container is-layout-constrained wp-block-group-is-layout-constrained\">\n<h1 class=\"wp-block-heading has-text-align-center\">Hankkeet<\/h1>\n<\/div><\/div>\n<\/div><\/div>\n\n\n\n<div style=\"height:61px\" aria-hidden=\"true\" class=\"wp-block-spacer\"><\/div>\n\n\n\n<div class=\"wp-block-query is-layout-flow wp-block-query-is-layout-flow\">\n<div class=\"wp-block-group alignwide has-contrast-3-background-color has-background\"><div class=\"wp-block-group__inner-container is-layout-constrained wp-block-group-is-layout-constrained\">\n<div class=\"wp-block-group alignwide has-base-3-background-color has-background\"><div class=\"wp-block-group__inner-container is-layout-constrained wp-block-group-is-layout-constrained\">\n<div class=\"wp-block-group is-content-justification-center is-nowrap is-layout-flex wp-container-core-group-is-layout-499140ed wp-block-group-is-layout-flex\">\n<div style=\"height:100px;width:0px\" aria-hidden=\"true\" class=\"wp-block-spacer wp-container-content-1ac3d91d\"><\/div>\n\n\n<ul class=\"columns-1 alignwide wp-block-post-template wp-container-content-f67f277b is-layout-grid wp-container-core-post-template-is-layout-f9ac393c wp-block-post-template-is-layout-grid\"><li class=\"wp-block-post post-1762 post type-post status-publish format-standard hentry category-hankkeet\">\n\n<div class=\"wp-block-group is-vertical is-content-justification-center is-nowrap is-layout-flex wp-container-core-group-is-layout-da1ce19b wp-block-group-is-layout-flex wp-container-content-f67f277b\"><h2 class=\"has-text-align-center wp-block-post-title has-x-large-font-size\"><a href=\"https:\/\/www.transfeminiinit.fi\/index.php\/h-some-finland-vapaaehtoishaku\/\" target=\"_self\" >H-SOME Finland vapaaehtoishaku<\/a><\/h2>\n\n\n<div style=\"height:20px;width:0px\" aria-hidden=\"true\" class=\"wp-block-spacer wp-container-content-62aae154\"><\/div>\n\n\n\n\n\n<div style=\"height:25px;width:0px\" aria-hidden=\"true\" class=\"wp-block-spacer wp-container-content-c00f5982\"><\/div>\n\n\n<div style=\"font-size:15px;\" class=\"has-text-align-left wp-block-post-excerpt\"><p class=\"wp-block-post-excerpt__excerpt\">Etsimme vapaaehtoisia raportoimaan Suomessa tapahtuvaa vihapuhetta EU-komissiolle! Olemme Transfeminiinit ry:ll\u00e4 mukana EU-komission j\u00e4rjest\u00e4m\u00e4ss\u00e4 Hatespeech Online Monitoring Exercise-hankkeessa. Hankkeessa on mukana useita maita, ja H-Some Finland&hellip; <\/p><\/div><\/div>\n\n\n\n<hr class=\"wp-block-separator has-text-color has-base-2-color has-alpha-channel-opacity has-base-2-background-color has-background\"\/>\n\n<\/li><li class=\"wp-block-post post-1759 post type-post status-publish format-standard hentry category-hankkeet\">\n\n<div class=\"wp-block-group is-vertical is-content-justification-center is-nowrap is-layout-flex wp-container-core-group-is-layout-da1ce19b wp-block-group-is-layout-flex wp-container-content-f67f277b\"><h2 class=\"has-text-align-center wp-block-post-title has-x-large-font-size\"><a href=\"https:\/\/www.transfeminiinit.fi\/index.php\/queerdefense-hanke\/\" target=\"_self\" >QueerDefense-hanke<\/a><\/h2>\n\n\n<div style=\"height:20px;width:0px\" aria-hidden=\"true\" class=\"wp-block-spacer wp-container-content-62aae154\"><\/div>\n\n\n\n\n\n<div style=\"height:25px;width:0px\" aria-hidden=\"true\" class=\"wp-block-spacer wp-container-content-c00f5982\"><\/div>\n\n\n<div style=\"font-size:15px;\" class=\"has-text-align-left wp-block-post-excerpt\"><p class=\"wp-block-post-excerpt__excerpt\">QueerDefense-hanke Transfeminiinit ry toteutti QueerDefense-hankeen 2025 Valtakunnallisen hankkeen tarkoituksena on kartoittaa lesbojen transnaisten, transfeminiinien, muunsukupuolisten, intersukupuolisten sek\u00e4 muihin sukupuoliv\u00e4hemmist\u00f6ihin kuuluvien lesbojen kokemaa sukupuolittunutta v\u00e4kivaltaa Suomessa&hellip; <\/p><\/div><\/div>\n\n\n\n<hr class=\"wp-block-separator has-text-color has-base-2-color has-alpha-channel-opacity has-base-2-background-color has-background\"\/>\n\n<\/li><li class=\"wp-block-post post-1757 post type-post status-publish format-standard hentry category-hankkeet\">\n\n<div class=\"wp-block-group is-vertical is-content-justification-center is-nowrap is-layout-flex wp-container-core-group-is-layout-da1ce19b wp-block-group-is-layout-flex wp-container-content-f67f277b\"><h2 class=\"has-text-align-center wp-block-post-title has-x-large-font-size\"><a href=\"https:\/\/www.transfeminiinit.fi\/index.php\/transduuni-hanke\/\" target=\"_self\" >TransDuuni! -hanke<\/a><\/h2>\n\n\n<div style=\"height:20px;width:0px\" aria-hidden=\"true\" class=\"wp-block-spacer wp-container-content-62aae154\"><\/div>\n\n\n\n\n\n<div style=\"height:25px;width:0px\" aria-hidden=\"true\" class=\"wp-block-spacer wp-container-content-c00f5982\"><\/div>\n\n\n<div style=\"font-size:15px;\" class=\"has-text-align-left wp-block-post-excerpt\"><p class=\"wp-block-post-excerpt__excerpt\">TransDuuni! -hanke Hanke on tilap\u00e4isesti tauolla Oletko 18-29-vuotias transnuori, ja tarvitset tukea ty\u00f6nhakuun? Tule mukaan TransDuuni! -pilottihankkeeseen! TransDuuni! -hanke Etsimme 18-29 vuotiaita transtaustaisia nuoria alkavaan&hellip; <\/p><\/div><\/div>\n\n\n\n<hr class=\"wp-block-separator has-text-color has-base-2-color has-alpha-channel-opacity has-base-2-background-color has-background\"\/>\n\n<\/li><\/ul>\n\n\n<div style=\"height:100px;width:0px\" aria-hidden=\"true\" class=\"wp-block-spacer wp-container-content-1ac3d91d\"><\/div>\n<\/div>\n<\/div><\/div>\n<\/div><\/div>\n<\/div>\n","protected":false},"excerpt":{"rendered":"<p>Hankkeet<\/p>\n","protected":false},"author":6,"featured_media":0,"parent":0,"menu_order":0,"comment_status":"closed","ping_status":"closed","template":"","meta":{"footnotes":""},"class_list":["post-1754","page","type-page","status-publish"],"_links":{"self":[{"href":"https:\/\/www.transfeminiinit.fi\/index.php\/wp-json\/wp\/v2\/pages\/1754","targetHints":{"allow":["GET"]}}],"collection":[{"href":"https:\/\/www.transfeminiinit.fi\/index.php\/wp-json\/wp\/v2\/pages"}],"about":[{"href":"https:\/\/www.transfeminiinit.fi\/index.php\/wp-json\/wp\/v2\/types\/page"}],"author":[{"embeddable":true,"href":"https:\/\/www.transfeminiinit.fi\/index.php\/wp-json\/wp\/v2\/users\/6"}],"replies":[{"embeddable":true,"href":"https:\/\/www.transfeminiinit.fi\/index.php\/wp-json\/wp\/v2\/comments?post=1754"}],"version-history":[{"count":2,"href":"https:\/\/www.transfeminiinit.fi\/index.php\/wp-json\/wp\/v2\/pages\/1754\/revisions"}],"predecessor-version":[{"id":1756,"href":"https:\/\/www.transfeminiinit.fi\/index.php\/wp-json\/wp\/v2\/pages\/1754\/revisions\/1756"}],"wp:attachment":[{"href":"https:\/\/www.transfeminiinit.fi\/index.php\/wp-json\/wp\/v2\/media?parent=1754"}],"curies":[{"name":"wp","href":"https:\/\/api.w.org\/{rel}","templated":true}]}}