{"id":506,"date":"2024-04-25T12:56:43","date_gmt":"2024-04-25T09:56:43","guid":{"rendered":"https:\/\/www.transfem.fi\/?page_id=506"},"modified":"2025-10-08T14:29:43","modified_gmt":"2025-10-08T11:29:43","slug":"transduuni-hanke","status":"publish","type":"page","link":"https:\/\/www.transfeminiinit.fi\/index.php\/toiminta\/transduuni-hanke\/","title":{"rendered":"TransDuuni! -hanke"},"content":{"rendered":"\n<h1 class=\"wp-block-heading\">TransDuuni! -hanke<\/h1>\n\n\n\n<h2 class=\"wp-block-heading\">Hanke on tilap\u00e4isesti tauolla<\/h2>\n\n\n\n<p>Oletko 18-29-vuotias transnuori, ja tarvitset tukea ty\u00f6nhakuun? Tule mukaan TransDuuni! -pilottihankkeeseen!<\/p>\n\n\n<div class=\"wp-block-image\">\n<figure class=\"aligncenter size-large is-resized\"><img loading=\"lazy\" decoding=\"async\" width=\"1024\" height=\"895\" src=\"https:\/\/www.transfem.fi\/wp-content\/uploads\/2024\/04\/transfem_lippu-1024x895.png\" alt=\"\" class=\"wp-image-187\" style=\"width:403px;height:auto\" srcset=\"https:\/\/www.transfeminiinit.fi\/wp-content\/uploads\/2024\/04\/transfem_lippu-1024x895.png 1024w, https:\/\/www.transfeminiinit.fi\/wp-content\/uploads\/2024\/04\/transfem_lippu-300x262.png 300w, https:\/\/www.transfeminiinit.fi\/wp-content\/uploads\/2024\/04\/transfem_lippu-768x672.png 768w, https:\/\/www.transfeminiinit.fi\/wp-content\/uploads\/2024\/04\/transfem_lippu-1536x1343.png 1536w, https:\/\/www.transfeminiinit.fi\/wp-content\/uploads\/2024\/04\/transfem_lippu-2048x1791.png 2048w, https:\/\/www.transfeminiinit.fi\/wp-content\/uploads\/2024\/04\/transfem_lippu-1200x1049.png 1200w, https:\/\/www.transfeminiinit.fi\/wp-content\/uploads\/2024\/04\/transfem_lippu-1980x1731.png 1980w\" sizes=\"auto, (max-width: 1024px) 100vw, 1024px\" \/><\/figure>\n<\/div>\n\n\n<h3 class=\"wp-block-heading\">TransDuuni! -hanke<\/h3>\n\n\n\n<p>Etsimme 18-29 vuotiaita transtaustaisia nuoria alkavaan Transduuni! &#8211; hankkeeseen, jonka tavoitteena on ohjata vaikeasti ty\u00f6llistett\u00e4vi\u00e4 transtaustaisia nuoria ty\u00f6el\u00e4m\u00e4\u00e4n vahvistamalla heid\u00e4n osaamistaan ja uskomaan p\u00e4rj\u00e4\u00e4miseens\u00e4 ty\u00f6el\u00e4m\u00e4ss\u00e4 ty\u00f6pajatoiminnan, keskusteluryhmien ja yksil\u00f6ohjaamisten kautta.<\/p>\n\n\n\n<p>Hankkeen puitteissa j\u00e4rjestet\u00e4\u00e4n yksil\u00f6ohjausta ja ty\u00f6pajatoimintaa, jolla tuetaan transnuorten ammattiosaamista, ty\u00f6nhakua tai opiskelumahdollisuuksia. Hanke on avoin kaikille tamperelaisille transtaustaisiksi identifioituville nuorille. Noudatamme ja kunnioitamme osallistujien itsem\u00e4\u00e4rittely\u00e4.<\/p>\n\n\n\n<p>Hankkeen tapaamiset j\u00e4rjestet\u00e4\u00e4n Transfeminiinit ry:n toimistolla, osoitteessa N\u00e4silinnankatu 48 D, 4 krs, 33200 Tampere. L\u00e4mpim\u00e4sti tervetuloa mukaan tapaamisiin ja yksil\u00f6ohjaukseen. Saat lis\u00e4tietoja hankkeen koordinaattorilta Iinalta.<\/p>\n\n\n\n<p>Hanke on saanut avustuksen <strong>Tampereen kaupungin nuorisotakuusta<\/strong>, joka on suunnattu j\u00e4rjest\u00f6ille ja yhdistyksille, jotka haluavat edist\u00e4\u00e4 koulutuksen tai ty\u00f6voiman ulkopuolella olevien tamperelaisten alle 30-vuotiaiden nuorten ty\u00f6llistymist\u00e4, ammattitaitoa sek\u00e4 vahvistaa osallisuutta ja edist\u00e4\u00e4 nuorten hyvinvointia.<\/p>\n\n\n\n<p>Hankkeesta raportoidaan syksyll\u00e4 2024.<\/p>\n\n\n\n<p>Lis\u00e4tietoa hankkeesta antaa hankekoordinaattori Iina Karasti s\u00e4hk\u00f6postitse: iina[a]transfeminiinit.fi.<\/p>\n","protected":false},"excerpt":{"rendered":"<p>TransDuuni! -hanke Hanke on tilap\u00e4isesti tauolla Oletko 18-29-vuotias transnuori, ja tarvitset tukea ty\u00f6nhakuun? Tule mukaan TransDuuni! -pilottihankkeeseen! TransDuuni! -hanke Etsimme 18-29 vuotiaita transtaustaisia nuoria alkavaan Transduuni! &#8211; hankkeeseen, jonka tavoitteena on ohjata vaikeasti ty\u00f6llistett\u00e4vi\u00e4 transtaustaisia nuoria ty\u00f6el\u00e4m\u00e4\u00e4n vahvistamalla heid\u00e4n osaamistaan ja uskomaan p\u00e4rj\u00e4\u00e4miseens\u00e4 ty\u00f6el\u00e4m\u00e4ss\u00e4 ty\u00f6pajatoiminnan, keskusteluryhmien ja yksil\u00f6ohjaamisten kautta. Hankkeen puitteissa j\u00e4rjestet\u00e4\u00e4n yksil\u00f6ohjausta ja ty\u00f6pajatoimintaa,&hellip;<\/p>\n","protected":false},"author":2,"featured_media":0,"parent":90,"menu_order":0,"comment_status":"closed","ping_status":"closed","template":"tw-no-title.php","meta":{"footnotes":""},"class_list":["post-506","page","type-page","status-publish","hentry"],"_links":{"self":[{"href":"https:\/\/www.transfeminiinit.fi\/index.php\/wp-json\/wp\/v2\/pages\/506","targetHints":{"allow":["GET"]}}],"collection":[{"href":"https:\/\/www.transfeminiinit.fi\/index.php\/wp-json\/wp\/v2\/pages"}],"about":[{"href":"https:\/\/www.transfeminiinit.fi\/index.php\/wp-json\/wp\/v2\/types\/page"}],"author":[{"embeddable":true,"href":"https:\/\/www.transfeminiinit.fi\/index.php\/wp-json\/wp\/v2\/users\/2"}],"replies":[{"embeddable":true,"href":"https:\/\/www.transfeminiinit.fi\/index.php\/wp-json\/wp\/v2\/comments?post=506"}],"version-history":[{"count":5,"href":"https:\/\/www.transfeminiinit.fi\/index.php\/wp-json\/wp\/v2\/pages\/506\/revisions"}],"predecessor-version":[{"id":989,"href":"https:\/\/www.transfeminiinit.fi\/index.php\/wp-json\/wp\/v2\/pages\/506\/revisions\/989"}],"up":[{"embeddable":true,"href":"https:\/\/www.transfeminiinit.fi\/index.php\/wp-json\/wp\/v2\/pages\/90"}],"wp:attachment":[{"href":"https:\/\/www.transfeminiinit.fi\/index.php\/wp-json\/wp\/v2\/media?parent=506"}],"curies":[{"name":"wp","href":"https:\/\/api.w.org\/{rel}","templated":true}]}}