{"id":76,"date":"2024-04-08T13:40:30","date_gmt":"2024-04-08T10:40:30","guid":{"rendered":"https:\/\/www.transfem.fi\/?page_id=76"},"modified":"2026-04-30T06:54:03","modified_gmt":"2026-04-30T03:54:03","slug":"yhdistys","status":"publish","type":"page","link":"https:\/\/www.transfeminiinit.fi\/index.php\/yhdistys\/","title":{"rendered":"Yhdistys"},"content":{"rendered":"\n<div class=\"wp-block-group alignwide has-contrast-3-background-color has-background\"><div class=\"wp-block-group__inner-container is-layout-flow wp-block-group-is-layout-flow\">\n<div class=\"wp-block-group alignwide lines-bg-4 has-base-3-background-color has-background\"><div class=\"wp-block-group__inner-container is-layout-constrained wp-block-group-is-layout-constrained\">\n<h1 class=\"wp-block-heading has-text-align-center has-accent-color has-text-color has-link-color wp-elements-ecf69669facd6da086b8e64f1afb7a67\" style=\"font-size:70px\">Keit\u00e4 me olemme?<\/h1>\n\n\n\n<hr class=\"wp-block-separator has-text-color has-contrast-3-color has-alpha-channel-opacity has-contrast-3-background-color has-background\"\/>\n\n\n\n<figure class=\"wp-block-image is-style-rounded-edit\"><img loading=\"lazy\" decoding=\"async\" width=\"860\" height=\"484\" src=\"https:\/\/www.transfeminiinit.fi\/wp-content\/uploads\/2026\/04\/tfry-flag-edited.jpg\" alt=\"\" class=\"wp-image-1563\" srcset=\"https:\/\/www.transfeminiinit.fi\/wp-content\/uploads\/2026\/04\/tfry-flag-edited.jpg 860w, https:\/\/www.transfeminiinit.fi\/wp-content\/uploads\/2026\/04\/tfry-flag-edited-300x169.jpg 300w, https:\/\/www.transfeminiinit.fi\/wp-content\/uploads\/2026\/04\/tfry-flag-edited-768x432.jpg 768w\" sizes=\"auto, (max-width: 860px) 100vw, 860px\" \/><\/figure>\n\n\n\n<div style=\"height:46px\" aria-hidden=\"true\" class=\"wp-block-spacer\"><\/div>\n\n\n\n<p class=\"has-accent-color has-text-color has-link-color wp-elements-5c918c26e0197523d32e5012110d4cbf\">Transfeminiinit ry on perustettu ajamaan transfeminiinej\u00e4 koskevia yhteiskunnallisia oikeuksia ja yll\u00e4pit\u00e4m\u00e4\u00e4n transfeminiineille tukiverkostotoimintaa. Yhdistys n\u00e4kee t\u00e4rke\u00e4ksi t\u00e4ll\u00e4 hetkell\u00e4 useiden transhenkil\u00f6iden p\u00e4ivitt\u00e4isess\u00e4 el\u00e4m\u00e4ss\u00e4 kokemiensa ep\u00e4oikeudenmukaisuuksien poistamisen yhteisty\u00f6ss\u00e4 eri viranomaisten ja j\u00e4rjest\u00f6jen kanssa. Tavoitteenamme on my\u00f6s transnuoret, muunsukupuoliset ja intersukupuoliset huomioiva, yhdenvertainen lains\u00e4\u00e4d\u00e4nt\u00f6.<\/p>\n\n\n\n<p class=\"has-accent-color has-text-color has-link-color wp-elements-9f1cd781640a1565987545b01a1e8146\">Yhdistys mielt\u00e4\u00e4 t\u00e4rke\u00e4ksi yhteisty\u00f6n jo olemassa olevien sateenkaari- ja ihmisoikeusj\u00e4rjest\u00f6jen kanssa ja toimii vuorovaikutteisesti yhteisty\u00f6ss\u00e4 niin viranomaisten, poliitikkojen kuin terveydenhuollon organisaatioiden kanssa.<\/p>\n\n\n\n<hr class=\"wp-block-separator has-text-color has-contrast-3-color has-alpha-channel-opacity has-contrast-3-background-color has-background\"\/>\n\n\n\n<p class=\"has-accent-color has-text-color has-link-color wp-elements-452b4226152d883e69a42b0cddedd576\"><strong>Kuulumme useaan ihmisoikeuksien puolesta toimivaan kattoj\u00e4rjest\u00f6\u00f6n Suomessa, Euroopassa ja maailmalla:<\/strong><\/p>\n\n\n\n<p><a href=\"https:\/\/seta.fi\/\">Seta<\/a><\/p>\n\n\n\n<p><a href=\"https:\/\/tgeu.org\">Transgender Europe&nbsp; \u2013 TGEU<\/a><\/p>\n\n\n\n<p><a href=\"https:\/\/www.iglyo.org\">IGLYO &#8211; The International Lesbian, Gay, Bisexual, Trans, Queer and Intersex (LGBTQI) Youth &amp; Student Organisation<\/a><\/p>\n\n\n\n<p><a href=\"https:\/\/ilga.org\">ILGA World<\/a><\/p>\n\n\n\n<p><a href=\"https:\/\/naisjarjestot.fi\">Naisj\u00e4rjest\u00f6jen keskusliitto<\/a><\/p>\n\n\n\n<p><a href=\"https:\/\/lesbiangenius.org\">The Eurocentralasian Lesbian* Community \u2013 EL*C<\/a><\/p>\n\n\n\n<p><a href=\"https:\/\/vtkl.fi\">Vanhusty\u00f6n keskusliitto<\/a><\/p>\n\n\n\n<hr class=\"wp-block-separator has-text-color has-contrast-3-color has-alpha-channel-opacity has-contrast-3-background-color has-background\"\/>\n\n\n\n<h2 class=\"wp-block-heading has-accent-color has-text-color has-link-color has-h-2-font-size wp-elements-3bd1b793cb4073c6ac8514bc1b6ca529\">Hallitus<\/h2>\n\n\n\n<p class=\"has-accent-color has-text-color has-link-color wp-elements-216b352cfac9caed82bbe9ff3c19cb74\">Yhdistyksen hallituksen j\u00e4senet ovat&nbsp;<\/p>\n\n\n\n<ul class=\"wp-block-list is-style-tw-dash\">\n<li class=\"has-accent-color has-text-color has-link-color wp-elements-ab11ee95abe24f64d56d7ed769d63166\">Anna-Emilia Svensberg (puheenjohtaja)<\/li>\n\n\n\n<li class=\"has-accent-color has-text-color has-link-color wp-elements-dc5af4eaaa1f8d329fc9102b123a765b\">Minna Mattila<\/li>\n\n\n\n<li class=\"has-accent-color has-text-color has-link-color wp-elements-028db914def1f4967c7f30ccc62d171a\">Aurora K\u00e4ns\u00e4kangas<\/li>\n\n\n\n<li class=\"has-accent-color has-text-color has-link-color wp-elements-4e6ee5f34860e5d1189bc4414798afe6\">Mai Sahlberg<\/li>\n\n\n\n<li class=\"has-accent-color has-text-color has-link-color wp-elements-6fe6d204d7eb8c2f08268f36280bf72d\">Emilia Helisniemi<\/li>\n\n\n\n<li class=\"has-accent-color has-text-color has-link-color wp-elements-2e1160d0e35df7138c75e306901655a0\">Jade Jokinen<\/li>\n<\/ul>\n\n\n\n<p class=\"has-accent-color has-text-color has-link-color wp-elements-da42aaca73134239d54c95a6d5483720\">sek\u00e4 varaj\u00e4senet<\/p>\n\n\n\n<ul class=\"wp-block-list is-style-tw-dash\">\n<li class=\"has-accent-color has-text-color has-link-color wp-elements-1cf4e6cfc54d630e998d2369008b20dc\">Heli Jarkko<\/li>\n<\/ul>\n<\/div><\/div>\n<\/div><\/div>\n","protected":false},"excerpt":{"rendered":"<p>Keit\u00e4 me olemme? Transfeminiinit ry on perustettu ajamaan transfeminiinej\u00e4 koskevia yhteiskunnallisia oikeuksia ja yll\u00e4pit\u00e4m\u00e4\u00e4n transfeminiineille tukiverkostotoimintaa. Yhdistys n\u00e4kee t\u00e4rke\u00e4ksi t\u00e4ll\u00e4 hetkell\u00e4 useiden transhenkil\u00f6iden p\u00e4ivitt\u00e4isess\u00e4 el\u00e4m\u00e4ss\u00e4 kokemiensa ep\u00e4oikeudenmukaisuuksien poistamisen yhteisty\u00f6ss\u00e4 eri viranomaisten ja j\u00e4rjest\u00f6jen kanssa. Tavoitteenamme on my\u00f6s transnuoret, muunsukupuoliset ja intersukupuoliset huomioiva, yhdenvertainen lains\u00e4\u00e4d\u00e4nt\u00f6. Yhdistys mielt\u00e4\u00e4 t\u00e4rke\u00e4ksi yhteisty\u00f6n jo olemassa olevien sateenkaari- ja ihmisoikeusj\u00e4rjest\u00f6jen kanssa &#8230; <a title=\"Yhdistys\" class=\"read-more\" href=\"https:\/\/www.transfeminiinit.fi\/index.php\/yhdistys\/\" aria-label=\"Lue lis\u00e4\u00e4 aiheesta Yhdistys\">Lue lis\u00e4\u00e4<\/a><\/p>\n","protected":false},"author":3,"featured_media":0,"parent":0,"menu_order":0,"comment_status":"closed","ping_status":"closed","template":"","meta":{"footnotes":""},"class_list":["post-76","page","type-page","status-publish"],"_links":{"self":[{"href":"https:\/\/www.transfeminiinit.fi\/index.php\/wp-json\/wp\/v2\/pages\/76","targetHints":{"allow":["GET"]}}],"collection":[{"href":"https:\/\/www.transfeminiinit.fi\/index.php\/wp-json\/wp\/v2\/pages"}],"about":[{"href":"https:\/\/www.transfeminiinit.fi\/index.php\/wp-json\/wp\/v2\/types\/page"}],"author":[{"embeddable":true,"href":"https:\/\/www.transfeminiinit.fi\/index.php\/wp-json\/wp\/v2\/users\/3"}],"replies":[{"embeddable":true,"href":"https:\/\/www.transfeminiinit.fi\/index.php\/wp-json\/wp\/v2\/comments?post=76"}],"version-history":[{"count":1,"href":"https:\/\/www.transfeminiinit.fi\/index.php\/wp-json\/wp\/v2\/pages\/76\/revisions"}],"predecessor-version":[{"id":1704,"href":"https:\/\/www.transfeminiinit.fi\/index.php\/wp-json\/wp\/v2\/pages\/76\/revisions\/1704"}],"wp:attachment":[{"href":"https:\/\/www.transfeminiinit.fi\/index.php\/wp-json\/wp\/v2\/media?parent=76"}],"curies":[{"name":"wp","href":"https:\/\/api.w.org\/{rel}","templated":true}]}}

<div class="wp-block-group alignwide has-contrast-3-background-color has-background"><div class="wp-block-group__inner-container is-layout-flow wp-block-group-is-layout-flow">
<div class="wp-block-group alignwide lines-bg-4 has-base-3-background-color has-background"><div class="wp-block-group__inner-container is-layout-constrained wp-block-group-is-layout-constrained">
<h1 class="wp-block-heading has-text-align-center has-accent-color has-text-color has-link-color wp-elements-ecf69669facd6da086b8e64f1afb7a67" style="font-size:70px">Keitä me olemme?</h1>



<hr class="wp-block-separator has-text-color has-contrast-3-color has-alpha-channel-opacity has-contrast-3-background-color has-background"/>



<figure class="wp-block-image is-style-rounded-edit"><img loading="lazy" decoding="async" width="860" height="484" src="https://www.transfeminiinit.fi/wp-content/uploads/2026/04/tfry-flag-edited.jpg" alt="" class="wp-image-1563" srcset="https://www.transfeminiinit.fi/wp-content/uploads/2026/04/tfry-flag-edited.jpg 860w, https://www.transfeminiinit.fi/wp-content/uploads/2026/04/tfry-flag-edited-300x169.jpg 300w, https://www.transfeminiinit.fi/wp-content/uploads/2026/04/tfry-flag-edited-768x432.jpg 768w" sizes="auto, (max-width: 860px) 100vw, 860px" /></figure>



<div style="height:46px" aria-hidden="true" class="wp-block-spacer"></div>



<p class="has-accent-color has-text-color has-link-color wp-elements-5c918c26e0197523d32e5012110d4cbf">Transfeminiinit ry on perustettu ajamaan transfeminiinejä koskevia yhteiskunnallisia oikeuksia ja ylläpitämään transfeminiineille tukiverkostotoimintaa. Yhdistys näkee tärkeäksi tällä hetkellä useiden transhenkilöiden päivittäisessä elämässä kokemiensa epäoikeudenmukaisuuksien poistamisen yhteistyössä eri viranomaisten ja järjestöjen kanssa. Tavoitteenamme on myös transnuoret, muunsukupuoliset ja intersukupuoliset huomioiva, yhdenvertainen lainsäädäntö.</p>



<p class="has-accent-color has-text-color has-link-color wp-elements-9f1cd781640a1565987545b01a1e8146">Yhdistys mieltää tärkeäksi yhteistyön jo olemassa olevien sateenkaari- ja ihmisoikeusjärjestöjen kanssa ja toimii vuorovaikutteisesti yhteistyössä niin viranomaisten, poliitikkojen kuin terveydenhuollon organisaatioiden kanssa.</p>



<hr class="wp-block-separator has-text-color has-contrast-3-color has-alpha-channel-opacity has-contrast-3-background-color has-background"/>



<p class="has-accent-color has-text-color has-link-color wp-elements-452b4226152d883e69a42b0cddedd576"><strong>Kuulumme useaan ihmisoikeuksien puolesta toimivaan kattojärjestöön Suomessa, Euroopassa ja maailmalla:</strong></p>



<p><a href="https://seta.fi/">Seta</a></p>



<p><a href="https://tgeu.org">Transgender Europe&nbsp; – TGEU</a></p>



<p><a href="https://www.iglyo.org">IGLYO &#8211; The International Lesbian, Gay, Bisexual, Trans, Queer and Intersex (LGBTQI) Youth &amp; Student Organisation</a></p>



<p><a href="https://ilga.org">ILGA World</a></p>



<p><a href="https://naisjarjestot.fi">Naisjärjestöjen keskusliitto</a></p>



<p><a href="https://lesbiangenius.org">The Eurocentralasian Lesbian* Community – EL*C</a></p>



<p><a href="https://vtkl.fi">Vanhustyön keskusliitto</a></p>



<hr class="wp-block-separator has-text-color has-contrast-3-color has-alpha-channel-opacity has-contrast-3-background-color has-background"/>



<h2 class="wp-block-heading has-accent-color has-text-color has-link-color has-h-2-font-size wp-elements-3bd1b793cb4073c6ac8514bc1b6ca529">Hallitus</h2>



<p class="has-accent-color has-text-color has-link-color wp-elements-216b352cfac9caed82bbe9ff3c19cb74">Yhdistyksen hallituksen jäsenet ovat&nbsp;</p>



<ul class="wp-block-list is-style-tw-dash">
<li class="has-accent-color has-text-color has-link-color wp-elements-ab11ee95abe24f64d56d7ed769d63166">Anna-Emilia Svensberg (puheenjohtaja)</li>



<li class="has-accent-color has-text-color has-link-color wp-elements-dc5af4eaaa1f8d329fc9102b123a765b">Minna Mattila</li>



<li class="has-accent-color has-text-color has-link-color wp-elements-028db914def1f4967c7f30ccc62d171a">Aurora Känsäkangas</li>



<li class="has-accent-color has-text-color has-link-color wp-elements-4e6ee5f34860e5d1189bc4414798afe6">Mai Sahlberg</li>



<li class="has-accent-color has-text-color has-link-color wp-elements-6fe6d204d7eb8c2f08268f36280bf72d">Emilia Helisniemi</li>



<li class="has-accent-color has-text-color has-link-color wp-elements-2e1160d0e35df7138c75e306901655a0">Jade Jokinen</li>
</ul>



<p class="has-accent-color has-text-color has-link-color wp-elements-da42aaca73134239d54c95a6d5483720">sekä varajäsenet</p>



<ul class="wp-block-list is-style-tw-dash">
<li class="has-accent-color has-text-color has-link-color wp-elements-1cf4e6cfc54d630e998d2369008b20dc">Heli Jarkko</li>
</ul>
</div></div>
</div></div>

<p>Keitä me olemme? Transfeminiinit ry on perustettu ajamaan transfeminiinejä koskevia yhteiskunnallisia oikeuksia ja ylläpitämään transfeminiineille tukiverkostotoimintaa. Yhdistys näkee tärkeäksi tällä hetkellä useiden transhenkilöiden päivittäisessä elämässä kokemiensa epäoikeudenmukaisuuksien poistamisen yhteistyössä eri viranomaisten ja järjestöjen kanssa. Tavoitteenamme on myös transnuoret, muunsukupuoliset ja intersukupuoliset huomioiva, yhdenvertainen lainsäädäntö. Yhdistys mieltää tärkeäksi yhteistyön jo olemassa olevien sateenkaari- ja ihmisoikeusjärjestöjen kanssa &#8230; <a title="Yhdistys" class="read-more" href="https://www.transfeminiinit.fi/index.php/yhdistys/" aria-label="Lue lisää aiheesta Yhdistys">Lue lisää</a></p>
